1) - 18).
-2
Calculate 9 - 13 - -21 - (-27 - 6 - -86).
-36
Calculate 2 + -28 - (47 + (-49 - 34)).
10
(-16 - -1) + -66 + 58 + 20 + -73
-76
Evaluate -66 + -32 + (91 - 40).
-47
What is the value of (14 - 25) + (69 - (11 + -13 + 6))?
54
Calculate (-18 - -20) + (-5 - 1) + -2 - 14.
-20
145 - (114 + -135 + (47 - 3))
122
Calculate -11 + (-17 - (0 - (10 + 6))) + 21.
9
Calculate -27 + ((-5 - -7) + 3 + -2 + -16 - -6).
-34
Evaluate -17 + -38 - ((6 - -3) + -48 + 29).
-45
Calculate -8040 - -8045 - (-1 + 1 - 12) - 98.
-81
What is (2 + -7 - ((-12 - -10) + -87)) + (120 - 129)?
75
Calculate 51 - (44 - 10 - 12).
29
What is (-114 - -21) + (-3 - -46)?
-50
What is 28 + -2 + (83 - 116)?
-7
Evaluate 4 + 34 + 5 - (13 - -76).
-46
Evaluate -519 - -572 - (-3 + -1 - 26).
83
What is (-47 + 6 - 67) + 75?
-33
What is the value of (51 - 1) + 1035 + -1040?
45
Evaluate 53 + -51 + 62 + -59.
5
33 + (-5 - 3) + -11 + -13 - -33
34
Evaluate -21728 - -21729 - (50 + -1).
-48
What is the value of 2 + (-20 + 14 - -1) + (-2 - 5) - -1?
-9
Calculate (-1 - -2) + (4 - 39 - (245 - 272)).
-7
(1 - ((-4 - (-2 - 6)) + -9)) + 8 + -28
-14
What is 13 + (-6 + -48 + 5 - 9) + 10?
-35
Calculate (-108 - -101) + (8 - -5 - 137).
-131
Evaluate -27 - (-3 + (-1 + 5 - 12)) - (0 - 1).
-15
Evaluate 17 - (-17 + (-5 - (-43 - -14))).
10
What is the value of 2 + 20 - (-6 + -12 + 41)?
-1
Evaluate 31 - (4 - 9) - (-2264 - -2226).
74
What is the value of -6 - ((0 - 49) + -4 + 4 + 17 + -9)?
35
What is the value of (-7 - (-6 + 31)) + (-4 - 4) + 11?
-29
What is the value of -177 + 163 - (294 - 409 - (-14 + 1))?
88
What is 9 - (-31 + 14) - 16 - (3 + 0)?
7
4 - 6 - (6 + (17 - 34))
9
What is the value of -9 + 14 + -15 + 1 + -2 + -5 + 17?
1
What is the value of 5 - -55 - ((19 - 17) + 4) - 8?
46
Evaluate -12 - (65 + 2 - (-9 - ((7 - -7) + -23))).
-79
Evaluate -20 - (20 + -19 + -10 + 11) - -43.
21
What is the value of -525 - -527 - (-8 + (58 - 8))?
-40
What is the value of (-17 - -6) + -1 - (7 - 14) - (-40 + 0)?
35
What is -52 - ((26 - 31) + -21 + 28 - (0 - 0))?
-54
Evaluate -9 - (-4 + (18 - 25 - -22)).
-20
18 + (-5 + -19 - -77) - 16
55
Calculate 4 - (2 + -7 + -24 + 15 + (-16 - -8)).
26
-1 + -4 - (-2002 + 2000) - -72
69
-5 + (17 - -6) + (183 - 240)
-39
Calculate 36 - 25 - (11 + -11 + (-12 - -107)).
-84
Calculate -85 + (32 + 1 + -2 - (-138 - -154)).
-70
Evaluate 0 + -31 + 5 - (-133 - -154).
-47
What is the value of 218 + -39 - 57 - (27 + -3)?
98
What is the value of -10 - ((-1 - 2) + -10 - (-206 + 217))?
14
What is the value of 10 - 5 - (4 + 7 + -6 + (12 - 25))?
13
Calculate (-46 + (-8 - -53) - (19 + -5)) + (6 - 2).
-11
Evaluate -66 - (-88 + 168 + -74 - (8 - (-2 - -1))).
-63
(1 - -82) + -10 + -319 + 354
108
36 - (-22 - (18 - 31) - -25)
20
(8 + -23 - -15 - (14 - -6)) + 4
-16
What is 100 - 4 - 40 - (-8 + 14 + 5 + 2)?
43
Calculate -8 + 7 + 6 + -3 + 12.
14
What is the value of (10 - 38) + -13 + 32 + 29 + -66?
-46
What is the value of (-7 + 26 - (14 + 0)) + 33?
38
What is the value of -5 + (15 - (-3 - -13)) + -13 - (-2 - 0)?
-11
(4 - 4) + -5 + (11 + -13 - 16 - 28)
-51
What is -12 - (3 - 0 - (48 + (-40 - 15)))?
-22
Evaluate 1 - 16 - (-1182 - -1181).
-14
What is -82 + 3 - (-119 + 87)?
-47
5 - (-3 + 4 + (-38 - (9 - -11)))
62
What is the value of 89 + (-282 + 266 + 1 + -16 - -12)?
70
What is 31 + (-46 + -36 - -24)?
-27
Calculate 29 + -56 + -82 + 3 + 1 + 14.
-91
What is (16 - -15) + -39 - (38 + 1 + 2)?
-49
What is (14 - 2) + -2754 + 2836?
94
(-5 - (2 - 92)) + (-189 - -185) - (3 + -3)
81
What is the value of (-76 - -123) + -59 + 11?
-1
(-288 - -246 - 2) + (-1 - 85)
-130
What is 0 - -22 - (-9 + 17 + 4) - 4?
6
Evaluate 702 + -706 + -38 + (-5 - -3) + 3 + 4.
-37
(16 - (27 + 3 - 16) - 7) + -6
-11
(-53 + 35 + -22 - -55) + -47
-32
What is the value of -39 - (-18 - (-28 - 26)) - -31?
-44
What is the value of (0 - (-6 + (8 - 2 - 15 - 79))) + 3?
97
Calculate -10 + (11 - (11 - -1) - 30 - -4).
-37
Evaluate -63 + (13 - -2) + -21 - (2 - (15 + -2)).
-58
(5 - -11) + -38 + 14 + (1 - -14 - 0)
7
Evaluate 77 - (164 - 75) - (43 + -1).
-54
What is 30 + (31 - 46 - 58)?
-43
23 - (-33 + 75) - (-86 + (3 - -1))
63
Evaluate 45 + (127 + -146 - 12).
14
Calculate 63 + (46 - 81) - 77.
-49
(-82 - -104 - (11 + 0)) + (32 - 20)
23
(70 - 22) + (43 - 53)
38
29 + -10 + (12 - 9) + 22
44
What is -122 - (-21 + -35) - (1 + -3 + -7)?
-57
What is the value of -48 - (-87 + 25) - (3 - (-2 - 2))?
7
Evaluate 14 + (30 - (0 + (6 - (-12 - -27)))).
53
Calculate 220 - 182 - (-5 + 2).
41
Calculate 7 - (15 + -74 + 16) - (14 + 1).
35
Calculate 28 - (19 - (18 + 20)).
47
(9 - 2) + ((-1 - -5) + 3 - 9)
5
Evaluate 96 - (101 + -30 + -15 + -33).
73
Calculate 1 - -1 - (2 + (28 - 40) - -19) - 31.
-38
Calculate (4 - -110 - 44) + 48.
118
Evaluate -31 + -22 + -56 + 74.
-35
Evaluate -50 - -44 - ((-3 - -2) + 1 + -69 + 21).
42
What is the value of 47 + -15 + -19 + (-60 - (0 + 2))?
-49
3 + -10 - -5 - (-5 + 1) - (-32 - -26)
8
What is 74 - (63 - 51) - 153?
-91
What is -71 - -59 - 5 - (18 - 59)?
24
Evaluate 163 + -199 + 247 + -84 + 1.
128
What is 88 - (5 + (10 + 0 + -1 - (524 - 497)))?
101
-77 + 103 + (25 - -7)
58
Evaluate 81 - 54 - -30 - 0.
57
2 - -9 - (13 - (9 - 5))
2
Evaluate -11 + 13 + 6 + -7 + -1 - (7 + 2).
-9
Evaluate (-16 - (-1 - -22)) + 25 + 9 + -1.
-4
Calculate -4 + (7 - (1 + 4)) - (5 - (10 - -26)).
29
Calculate (-52 - 86) + (1 - -29) - (-5 - (-4 + -17)).
-124
What is -95 + -33 + 21 + (-2 - (18 + -14))?
-113
What is the value of -575 - -496 - (-37 - 8)?
-34
What is the value of -17 + (22 - 10 - 8) - -55?
42
What is the value of ((15 - 28) + -11 - -41) + -74?
-57
What is 9 + -12 + (-16 - -68)?
49
Evaluate -2144 + 2162 + (-19 - (0 + 0)).
-1
Calculate -42 + -10 + -7 - -52.
-7
What is the value of 95 + -45 + -40 - ((-1 + 8 - 4) + 9)?
-2
-25 - (6 + -23 + 7 + 22)
-37
Calculate 7 + (9 - -11) + (96 - 47) - (10 + -1).
67
1 + 15 + (-53 + -26 - -84) + -30
-9
Calculate 0 - 3 - (-3386 + 3326).
57
(-62 + -5 - (16 + -33) - -3) + 17
-30
Evaluate (-11 - 4) + (-1 - -26) + -81.
-71
Calculate 74 - -13 - (-136 + 121 + -2 + 30).
74
Evaluate 8 + -2 + (137 + -60 - 101).
-18
What is the value of 19 + -9 + -6 + (0 - (-8 - -5 - -61))?
-54
What is the value of (30 - 61) + 6 + -1 - -16 - (0 + -99)?
89
-10 + -4 + 2 + -200 + 209 + -1 + 36
32
Calculate 4 + -39 + -4 + (636 - 664).
-67
What is 0 + -2 + 2 + 2 + (0 - (12 + -57))?
47
What is the value of 6 + -8 + (-53 + 45 - (-8 + 0) - 67)?
-69
What is the value of 12 + 0 - (17 + -5 - 16 - 27)?
43
Calculate 1 + -53 + 1 + -1 + (23 - 9).
-38
Calculate (-1 - (2 - -27)) + 12271 + -12256.
-15
What is 26 + (40 - (-14 + 25 - -18))?
37
Calculate 1 + 1 + 73 + -121 + 116 - (60 + -69).
79
Evaluate 0 + 5 + 6 + 5 + (-12 - 1) - 71.
-68
Calculate (1 - (7 + -19 + 26)) + 32.
19
What is -17 - (1 - -1 - (23 + -62 - -37))?
-21
Evaluate 48 + (-4 - ((63 - 53) + (-3 - 18))).
55
What is the value of 30 - -56 - 86 - ((-29 - -1) + 3)?
25
Evaluate -30 - (1 - 5) - (-38 + (-16 - -65)).
-37
(-8 - (24 + (-10 - 10))) + 4
-8
What is 22 - (78 + 0 + -6 + (8 - 7))?
-51
Calculate (-4 - -47) + -166 - -49.
-74
Calculate -13 + 0 - ((7 - (-34 - (-24 - -1))) + -13).
-18
What is the value of 0 - 0 - (5 - 6 - (10 + -3))?
8
Evaluate 9 - (-26 + 14 + -12 - 6).
39
What is 17 - ((-7 - 76 - 8) + 48)?
60
Evaluate -2 - (7 - (3 - 5 - (11 + -53 + -9))).
40
What is the value of 71 - (-24 - (9 - 35))?
69
Calculate -84 + -1 - (5807 - 5862).
-30
What is -213 + 198 + (-94 - (1 - -3)) - 8?
-121
What is (-1 - -22) + (-136 + 2 - (2441 + -2448))?
-106
What is -80 - (64 + -64) - (-6 - (-2 - 0) - 4)?
-72
(-5 - -7) + (15 - (81 - (7 + -8)))
-65
Evaluate (-12 - 4) + -3 - -36.
17
-33 - 1 - (209 + -273)
30
Evaluate 387 - 372 - (3 - (1 + -4)).
9
What is the value of 25 + (-16 - (-16 + 48))?
-23
What is 54 + (-64 - -33) - (2 + 13) - 35?
-27
What is 16 - 57 - -38 - 3?
-6
What is the value of (0 - 10) + -56 + -10 + 11 - -2?
-63
Evaluate (40 - (2 - 1 - 2)) + (33 - (98 - 70)).
46
(-62 - -2) + (-2 - -2) + 17 - -22
-21
What is the value of 7 - (49 + 0) - (64 - 79)?
-27
41 + 58 + -101 + 74
72
79 + 7 - (5 + 0 + (45 - 0) + -42)
78
What is the value of -5 - -4 - ((9 - (6 - -25)) + 3 + 8)?
10
Calculate -1 + -12 + 1 + (-35 + 36 - 57).
-68
Evaluate 48 + -34 + 41 - 45.
10
What is -24 - 2 - ((23 - 17) + -7 + -12)?
-13
(-37 - -40) + (1 - 2) + 32
34
Evaluate 54 + (43 - (-52 + 1